{"id":44,"date":"2011-11-22T18:16:17","date_gmt":"2011-11-22T18:16:17","guid":{"rendered":"http:\/\/www.rgvflessografia.it\/?page_id=44"},"modified":"2012-04-16T14:11:09","modified_gmt":"2012-04-16T14:11:09","slug":"studio-grafico","status":"publish","type":"page","link":"https:\/\/www.rgvflessografia.it\/?page_id=44","title":{"rendered":"Studio Grafico"},"content":{"rendered":"<div class='one_half'>\n\t\t\t\t\t<h2 style=\"text-align: left;\"><strong><em>Qualit\u00e0 e rapidit\u00e0 per la soddisfazione del cliente<\/em><\/strong><\/h2>\n<p>&nbsp;<\/p>\n<p style=\"text-align: justify;\">Sulla base di campioni stampati, file, o semplici idee, il nostro studio grafico \u00e8 in grado di realizzare qualsiasi tipo di progettazione. Utilizzando i migliori hardware e software in commercio per lo sviluppo del packaging ed affiancando a queste moderne tecnologie la competenza dei nostri operatori siamo in grado di fornire soluzioni creative ed innovative all\u2019altezza della clientela pi\u00f9 esigente, fornendo anche soluzioni personalizzate.\u00a0Etichette, sacchi, buste, scatole, food, no-food, beverage, igenico sanitario, shopper, tissue, farmaceologico, sono solo una minima parte dei prodotti che curiamo da pi\u00f9 di 40 anni.<\/p>\n<p style=\"text-align: justify;\">Personalizziamo e trattiamo tutti i tipi di materiali come il cartone, la carta, l\u2019alluminio e persino il legno oltre al pet e pp e tutti i nuovi materiali ecosostenibili di ultima generazione. Al nostro studio grafico collabora ed interagisce il reparto di analisi e sviluppo, ampliato con l\u2019avvento del digitale.\u00a0Grazie ad una serie di studi svolti nelle aziende dei nostri clienti e successivamente in sede di laboratorio, analizziamo i dati tecnici come : tipologia e caratteristiche delle macchine da stampa, substrati, inchiostri, portata\/volume di carico\/scarico, definizione e tipologia dei lavori svolti al fine di eliminare qualsiasi tipologia di problematiche con soluzioni efficaci e costanti.<\/p>\n<p style=\"text-align: justify;\">Tale analisi ha portato notevoli progressi sia a livello di qualit\u00e0 fornit\u00e0 ai clienti che di velocit\u00e0 di flusso di lavoro sempre in costante crescita. Mediante i nostri test personalizzati possiamo definire per ogni singolo cliente profili unici in grado di generare prove colore retinate certificate, cromalin e bozze stampa dal piccolo al grande formato in fase di lavorazione grafica per definire al meglio il risultato finale.<\/p>\n<p>&nbsp;<\/p>\n\t\t\t\t<\/div>\n<div class='one_half last'>\n\t\t\t\t\t<img loading=\"lazy\" decoding=\"async\" class=\"alignnone size-full wp-image-91\" title=\"immagine2\" src=\"http:\/\/www.rgvflessografia.it\/wp-content\/uploads\/2011\/11\/immagine2.jpg\" alt=\"\" width=\"418\" height=\"250\" \/>\u00a0<img loading=\"lazy\" decoding=\"async\" class=\"alignnone size-full wp-image-94\" title=\"immagine3\" src=\"http:\/\/www.rgvflessografia.it\/wp-content\/uploads\/2011\/11\/immagine3.jpg\" alt=\"\" width=\"418\" height=\"250\" \/>\u00a0<img loading=\"lazy\" decoding=\"async\" class=\"alignnone size-full wp-image-98\" title=\"immagine5\" src=\"http:\/\/www.rgvflessografia.it\/wp-content\/uploads\/2011\/11\/immagine5.jpg\" alt=\"\" width=\"418\" height=\"250\" \/>\n\t\t\t\t<\/div><div class='clear'><\/div>\n","protected":false},"excerpt":{"rendered":"","protected":false},"author":1,"featured_media":0,"parent":10,"menu_order":1,"comment_status":"open","ping_status":"open","template":"page-full.php","meta":{"footnotes":""},"class_list":["post-44","page","type-page","status-publish","hentry"],"_links":{"self":[{"href":"https:\/\/www.rgvflessografia.it\/index.php?rest_route=\/wp\/v2\/pages\/44"}],"collection":[{"href":"https:\/\/www.rgvflessografia.it\/index.php?rest_route=\/wp\/v2\/pages"}],"about":[{"href":"https:\/\/www.rgvflessografia.it\/index.php?rest_route=\/wp\/v2\/types\/page"}],"author":[{"embeddable":true,"href":"https:\/\/www.rgvflessografia.it\/index.php?rest_route=\/wp\/v2\/users\/1"}],"replies":[{"embeddable":true,"href":"https:\/\/www.rgvflessografia.it\/index.php?rest_route=%2Fwp%2Fv2%2Fcomments&post=44"}],"version-history":[{"count":36,"href":"https:\/\/www.rgvflessografia.it\/index.php?rest_route=\/wp\/v2\/pages\/44\/revisions"}],"predecessor-version":[{"id":79,"href":"https:\/\/www.rgvflessografia.it\/index.php?rest_route=\/wp\/v2\/pages\/44\/revisions\/79"}],"up":[{"embeddable":true,"href":"https:\/\/www.rgvflessografia.it\/index.php?rest_route=\/wp\/v2\/pages\/10"}],"wp:attachment":[{"href":"https:\/\/www.rgvflessografia.it\/index.php?rest_route=%2Fwp%2Fv2%2Fmedia&parent=44"}],"curies":[{"name":"wp","href":"https:\/\/api.w.org\/{rel}","templated":true}]}}