{"id":52,"date":"2011-11-22T18:18:21","date_gmt":"2011-11-22T18:18:21","guid":{"rendered":"http:\/\/www.rgvflessografia.it\/?page_id=52"},"modified":"2011-12-22T16:39:44","modified_gmt":"2011-12-22T16:39:44","slug":"fotopolimeri-allacqua","status":"publish","type":"page","link":"https:\/\/www.rgvflessografia.it\/?page_id=52","title":{"rendered":"Fotopolimeri all&#8217;acqua"},"content":{"rendered":"<div class='one_half'>\n\t\t\t\t\t<p style=\"text-align: justify;\">A seguito delle continue ed insistenti richieste da parte di clienti, che fino ad ora si affidavano a noi per lo sviluppo di progetti grafici e per la produzione di pellicole positive e negative, da poco \u00e8 attiva la lavorazione di clich\u00e8s specifici per la stampa di etichette, scotch o pi\u00f9 in generale per il settore tipografico, in grado di resistere alle sollecitazioni dovute agli inchiostri ed a pressioni inusuali per i fotopolimeri flessografici. Per la maggiore, in sostituzione al magnesio da 1 mm, \u00e8 molto richiesto il polimero da 0,95 mm con base acciaio, ma grazie ad una vasta gamma di spessori quali :\u00a0<strong>0,80 mm<\/strong>\u00a0&#8211;\u00a0<strong>0,95 mm<\/strong>&lt; &#8211;\u00a0<strong>1,70 mm<\/strong>\u00a0e\u00a0<strong>1,75 mm<\/strong>\u00a0, sia con base in acciaio che in poliestere siamo in grado di soddisfare qualsiasi tipo di richiesta.<\/br><\/br><\/br><\/br><\/br><\/br><img loading=\"lazy\" decoding=\"async\" class=\"alignnone size-full wp-image-155\" style=\"text-align: left;\" title=\"imm3\" src=\"http:\/\/www.rgvflessografia.it\/wp-content\/uploads\/2011\/11\/imm31.jpg\" alt=\"\" width=\"418\" height=\"250\" \/><span style=\"text-align: justify;\">\n\t\t\t\t<\/div><\/span><span style=\"text-align: justify;\"><div class='one_half last'>\n\t\t\t\t\t<\/span><img loading=\"lazy\" decoding=\"async\" class=\"alignnone size-full wp-image-153\" style=\"text-align: justify;\" title=\"imm1\" src=\"http:\/\/www.rgvflessografia.it\/wp-content\/uploads\/2011\/11\/imm11.jpg\" alt=\"\" width=\"418\" height=\"250\" \/><span style=\"text-align: justify;\">\u00a0<\/span><a style=\"text-align: justify;\" href=\"http:\/\/www.rgvflessografia.it\/?attachment_id=154\" rel=\"attachment wp-att-154\"><img loading=\"lazy\" decoding=\"async\" class=\"alignnone size-full wp-image-154\" title=\"imm2\" src=\"http:\/\/www.rgvflessografia.it\/wp-content\/uploads\/2011\/11\/imm21.jpg\" alt=\"\" width=\"418\" height=\"250\" \/><\/a><span style=\"text-align: justify;\">\n\t\t\t\t<\/div><div class='clear'><\/div><\/span><\/p>\n","protected":false},"excerpt":{"rendered":"","protected":false},"author":1,"featured_media":0,"parent":10,"menu_order":3,"comment_status":"open","ping_status":"open","template":"page-full.php","meta":{"footnotes":""},"class_list":["post-52","page","type-page","status-publish","hentry"],"_links":{"self":[{"href":"https:\/\/www.rgvflessografia.it\/index.php?rest_route=\/wp\/v2\/pages\/52"}],"collection":[{"href":"https:\/\/www.rgvflessografia.it\/index.php?rest_route=\/wp\/v2\/pages"}],"about":[{"href":"https:\/\/www.rgvflessografia.it\/index.php?rest_route=\/wp\/v2\/types\/page"}],"author":[{"embeddable":true,"href":"https:\/\/www.rgvflessografia.it\/index.php?rest_route=\/wp\/v2\/users\/1"}],"replies":[{"embeddable":true,"href":"https:\/\/www.rgvflessografia.it\/index.php?rest_route=%2Fwp%2Fv2%2Fcomments&post=52"}],"version-history":[{"count":66,"href":"https:\/\/www.rgvflessografia.it\/index.php?rest_route=\/wp\/v2\/pages\/52\/revisions"}],"predecessor-version":[{"id":152,"href":"https:\/\/www.rgvflessografia.it\/index.php?rest_route=\/wp\/v2\/pages\/52\/revisions\/152"}],"up":[{"embeddable":true,"href":"https:\/\/www.rgvflessografia.it\/index.php?rest_route=\/wp\/v2\/pages\/10"}],"wp:attachment":[{"href":"https:\/\/www.rgvflessografia.it\/index.php?rest_route=%2Fwp%2Fv2%2Fmedia&parent=52"}],"curies":[{"name":"wp","href":"https:\/\/api.w.org\/{rel}","templated":true}]}}