{"id":56,"date":"2011-11-22T18:19:17","date_gmt":"2011-11-22T18:19:17","guid":{"rendered":"http:\/\/www.rgvflessografia.it\/?page_id=56"},"modified":"2012-04-14T12:42:46","modified_gmt":"2012-04-14T12:42:46","slug":"gomme-fusione","status":"publish","type":"page","link":"https:\/\/www.rgvflessografia.it\/?page_id=56","title":{"rendered":"Gomme fusione"},"content":{"rendered":"<p style=\"text-align: justify;\">Chiamate anche cos\u00ec, proprio perch\u00e8 tramite la fusione dellla gomma nel flano, da prima reso contromatrice dalla pressione esercitata dalla pressa sullo zinco, erano le primordiali antenate delle attuali matrici in fotopolimero analogico o digitale. Nonostante siano passati pi\u00f9 di 40 anni dalle prime, ancora oggi, per certe tipologie di stampa, sono preferite le qualit\u00e0 della gomma vulcanizzata a quelle del fotopolimero.<\/p>\n<p style=\"text-align: justify;\">Presso la nostra sede \u00e8 ancora possibile richiederle, con un minimo di anticipo e con una quantit\u00e0 accettabile perch\u00e8 ne avvenga la produzione. Proprio per il suo procedimento del tutto essenziale e meccanico \u00e8 possibile, con l\u2019ausilio di vari spessori, crearne di qualsivoglia spessore e dimensione.<\/p>\n<p style=\"text-align: justify;\"><img loading=\"lazy\" decoding=\"async\" class=\"alignnone size-full wp-image-240\" title=\"gommefusione\" src=\"http:\/\/www.rgvflessografia.it\/wp-content\/uploads\/2011\/11\/gommefusione.png\" alt=\"\" width=\"875\" height=\"300\" srcset=\"https:\/\/www.rgvflessografia.it\/wp-content\/uploads\/2011\/11\/gommefusione.png 875w, https:\/\/www.rgvflessografia.it\/wp-content\/uploads\/2011\/11\/gommefusione-418x143.png 418w\" sizes=\"(max-width: 875px) 100vw, 875px\" \/><\/p>\n","protected":false},"excerpt":{"rendered":"<p>Chiamate anche cos\u00ec, proprio perch\u00e8 tramite la fusione dellla gomma nel flano, da prima reso contromatrice dalla pressione esercitata dalla pressa sullo zinco, erano le primordiali antenate delle attuali matrici in fotopolimero analogico o digitale. Nonostante siano passati pi\u00f9 di 40 anni dalle prime, ancora oggi, per certe tipologie di stampa, sono preferite le qualit\u00e0 [&hellip;]<\/p>\n","protected":false},"author":1,"featured_media":0,"parent":10,"menu_order":5,"comment_status":"open","ping_status":"open","template":"page-full.php","meta":{"footnotes":""},"class_list":["post-56","page","type-page","status-publish","hentry"],"_links":{"self":[{"href":"https:\/\/www.rgvflessografia.it\/index.php?rest_route=\/wp\/v2\/pages\/56"}],"collection":[{"href":"https:\/\/www.rgvflessografia.it\/index.php?rest_route=\/wp\/v2\/pages"}],"about":[{"href":"https:\/\/www.rgvflessografia.it\/index.php?rest_route=\/wp\/v2\/types\/page"}],"author":[{"embeddable":true,"href":"https:\/\/www.rgvflessografia.it\/index.php?rest_route=\/wp\/v2\/users\/1"}],"replies":[{"embeddable":true,"href":"https:\/\/www.rgvflessografia.it\/index.php?rest_route=%2Fwp%2Fv2%2Fcomments&post=56"}],"version-history":[{"count":7,"href":"https:\/\/www.rgvflessografia.it\/index.php?rest_route=\/wp\/v2\/pages\/56\/revisions"}],"predecessor-version":[{"id":237,"href":"https:\/\/www.rgvflessografia.it\/index.php?rest_route=\/wp\/v2\/pages\/56\/revisions\/237"}],"up":[{"embeddable":true,"href":"https:\/\/www.rgvflessografia.it\/index.php?rest_route=\/wp\/v2\/pages\/10"}],"wp:attachment":[{"href":"https:\/\/www.rgvflessografia.it\/index.php?rest_route=%2Fwp%2Fv2%2Fmedia&parent=56"}],"curies":[{"name":"wp","href":"https:\/\/api.w.org\/{rel}","templated":true}]}}